 of m(10)?
9
Suppose -28 = -0*f - 4*f + 4*h, 0 = 5*f + 4*h - 53. What is the units digit of f?
9
Let t be ((-34)/4)/(7/(-70)). Suppose -87 = -4*b + c, 4*b - 4*c - t = -c. What is the units digit of b?
2
Let d(o) = -o + 6. Let t be d(3). Suppose -h - t*h = -4. What is the units digit of (4*2)/(h - 0)?
8
Let p = 1 + -1. Let m be (-10)/(-2) - 3 - p. Suppose m*t + 1 = 7. What is the units digit of t?
3
Let n be (-21)/28 + (-38)/(-8). Suppose -2 - n = -r. What is the units digit of r?
6
Suppose -2*i - 72 = 3*t - 240, -336 = -4*i + 5*t. What is the tens digit of i?
8
Suppose -b = 3*b - 4*z + 4, 0 = 2*b + 4*z - 28. Suppose -b*a + 17 = d - 88, 0 = 3*d - 15. What is the tens digit of a?
2
Let y = -1 + 6. Suppose 0 = -3*j - 0*f - 4*f + 55, 0 = -y*j + 4*f + 145. What is the units digit of j?
5
Let b = -1 - -4. Suppose 0*m - 6 = b*m - h, -3*h = -2*m - 4. Let l = 4 - m. What is the units digit of l?
6
Suppose -5*n + 2 + 3 = -5*m, -5*m + 7 = n. Let v be 1/(1/4) - n. Let j = 15 - v. What is the units digit of j?
3
Suppose 2*u - 133 + 22 = -5*d, -3*u + 104 = -5*d. Suppose o = 3*r + 3*o - u, 4*o = 8. What is the units digit of r?
3
Let s(h) = 32*h**2 - h - 1. What is the units digit of s(-1)?
2
Let w be (1/(-2))/(1/(-6)). Suppose -w*t + 6*t = 24. What is the units digit of t?
8
Let g be 100/(-10) + 0/(-1). Let v(x) = x + 12. Let h be v(g). Suppose 0 = -h*z + 2*s + 16, -3*s - 36 = -2*z - 3*z. What is the units digit of z?
6
Suppose -5*u = -25, 3*a + 2*u - 20 = u. Suppose 5*k + a*z = 67 - 17, -k = -z - 4. What is the units digit of k?
7
Let u = 631 - 385. What is the units digit of u?
6
Let o = 901 + -612. What is the tens digit of o?
8
Let a = 64 + 64. What is the hundreds digit of a?
1
Let u be 2/4 + 26/(-4). What is the tens digit of (-4 - -2)*(1 + u)?
1
Let b(c) = 4*c - 2*c + 3 - c. Let u be b(-3). Suppose u = h + 5, 18 = 3*o - 3*h - 21. What is the units digit of o?
8
Suppose 0 = 2*f + 4*u - 14, 2*u + 29 = 4*f - f. Suppose 0*c = c + f. Let d = c + 20. What is the tens digit of d?
1
Let o = 40 - 10. Let b = 63 - o. What is the units digit of (-12)/(-42) - b/(-7)?
5
Let l(r) = 3*r**2 - 11. What is the tens digit of l(-5)?
6
Suppose 4*l - 2 = i, 4*l + 3 + 3 = -3*i. Suppose l = 2*k - 6*k + 72. Suppose 4*y + 0 = -5*o + 7, -k = -5*y + 3*o. What is the units digit of y?
3
Let d(u) be the third derivative of -u**5/60 + 11*u**4/24 + 11*u**3/6 - 3*u**2. What is the units digit of d(10)?
1
Let t = -73 + 223. What is the hundreds digit of t?
1
Suppose -p + 4*p = 3*q - 30, 0 = -2*p - 4. Let t = 9 + -14. Let j = q + t. What is the units digit of j?
3
Suppose 2*w + 1 = -2*w + 3*p, -3*w = p - 9. Suppose -4*b - 3*o = -15 - 2, -w*b = -o - 1. Suppose -k + 0 = -b. What is the units digit of k?
2
Let j(z) = 28*z**2 + 2*z + 1. What is the units digit of j(-1)?
7
Let v(y) = 3*y**3 - 4*y**2 + 2*y - 6. Let c(b) = 2*b**3 - 4*b**2 + 3*b - 5. Let q(r) = -4*c(r) + 3*v(r). What is the units digit of q(-5)?
7
Let v be -1 - (4/(-2) - 1). Suppose h + 3 = v*h. What is the units digit of ((-1)/h)/(1/(-21))?
7
Let z(c) = 11 - 3 - c - c**2 - 7*c. Let j be (-2)/7 - (54/7 + -1). What is the tens digit of z(j)?
1
Let r(q) = -190*q**3 - q**2 - 3*q - 3. What is the units digit of r(-1)?
9
Suppose -4*s = -5*s + 4. What is the units digit of 14 - 6*s/(-8)?
7
Let l = 1 - 1. Suppose l = -q - 3*q. Suppose -4*s + 24 + 32 = q. What is the units digit of s?
4
Let q = 178 - 104. What is the units digit of q?
4
Suppose -3 = 2*d - d. Let u be 2*d/(-6)*1. What is the units digit of (4/12)/(u/3)?
1
Suppose 6*o = 5*o - 3. What is the units digit of 3 - o*30/9?
3
Suppose 2*d - 4*d = -104. What is the units digit of d?
2
What is the tens digit of (7 + -6)/((5/(-14))/(-5))?
1
Let i be (-3)/(-2) + (-1)/(-2). Suppose 0 = -5*r + 10, -i*r = -o - 6*r + 12. What is the units digit of o?
4
Suppose -2*j + 0*j - 3*o + 9 = 0, 6 = 3*j + 3*o. Let q = j + 5. Suppose a = 2*a - m - 11, -3*m = -q*a + 27. What is the units digit of a?
6
Let a(m) = m - 16. Let p(s) = s + 1. Let j(d) = -a(d) + 2*p(d). What is the tens digit of j(0)?
1
Suppose -n = -2*n. Suppose -3*m - 15 + 6 = -3*k, n = 5*m + 20. What is the units digit of (k + 2)*2 + 5?
7
Let z(a) = -a + 74. What is the tens digit of z(18)?
5
Let t be (-5 - (2 - 5)) + 21. Let l = 22 - t. What is the units digit of l?
3
Let v(j) = 139*j - 17. What is the hundreds digit of v(2)?
2
Let b be ((-2)/2)/1 - -2. Let r be (-2 + 2)/(b - -1). Suppose r = 7*j - 4*j - 15. What is the units digit of j?
5
Let a(d) = d**3 - 9*d**2 + 4*d - 8. What is the tens digit of a(9)?
2
Suppose 0 = -3*l - 5*r - 10, 3*r - 26 + 66 = 5*l. Suppose -l*y + p - 1 = -y, 20 = 5*y + 3*p. Suppose q - y = -0. What is the units digit of q?
1
Suppose 2*y + 7 = 1. Let m = -2 - y. What is the units digit of m?
1
Suppose -4 = -2*v + 12. Suppose u = -2 - v. Let g = u - -14. What is the units digit of g?
4
What is the units digit of 294*-2*(-3)/12?
7
Let q(b) = -b**3 + 5*b**2 - 5*b. What is the units digit of q(2)?
2
Let y(s) = -19*s**2 + s - 1. Let n be y(1). Let z = -7 - n. What is the tens digit of z?
1
Let b(r) = 10*r + 1. Suppose 0 = 5*t - 0 - 5. What is the tens digit of b(t)?
1
Suppose -153 = -7*h + 218. What is the units digit of h?
3
Suppose -3 = -5*q + 7. Let g(h) = -h**3 + 4*h**2 + h + 4. Let z be g(4). Suppose -q*u + z = -0*u. What is the units digit of u?
4
Let a = -1 + 17. Suppose 7*b - 9*b + a = 0. What is the units digit of b?
8
Let u(d) = d**2 - d - 1. Let y be u(-2). Suppose 5*b = -0*a + a, 0 = y*a - 4*b - 84. What is the tens digit of a?
2
Let q = 5 - 0. Suppose -10 = q*y - 0. What is the units digit of (-5)/((-15)/24) + y?
6
Suppose -78 - 30 = -3*n. Let u = n + -16. What is the tens digit of u?
2
Let i(x) = 2*x - x**3 - 3 + 5*x**3 + x**3 - 2*x**3. What is the units digit of i(2)?
5
Let g = -1 + 7. Suppose -2*p + 0 = -g. Let f = 16 - p. What is the tens digit of f?
1
Suppose 0 = 4*x - 2*i - 38, 0 = x - 3*i + 5 - 27. What is the units digit of x?
7
Suppose 3*v - 4*u - 200 = 89, -4*u = -v + 91. What is the tens digit of v?
9
Let d = -9 + 25. Suppose 2*b - 6 = d. What is the tens digit of b?
1
What is the units digit of ((-76)/(-5))/(2/10) + 3?
9
Let x be (1 + 0 + 0)*3. Suppose 0*q = -x*j - 3*q + 30, q + 60 = 4*j. What is the tens digit of j?
1
Suppose -4*y = -0*y - 12. Suppose -y - 6 = -3*g. Suppose -4*j + 12 = -2*p, -2*j + j + 10 = g*p. What is the units digit of j?
4
What is the units digit of (-2)/6 - (-5 + 1330/(-21))?
8
Let z(d) = d**2 + 6*d + 4. Let x be z(-5). Let c be 2 - (x + -1 + -1). Suppose 5*w = c*l - 15, -5*w = -0*w. What is the units digit of l?
3
Let c(d) = d**3 + 6*d**2 - 4*d + 14. What is the units digit of c(-6)?
8
Let a(g) = 2*g**2 - 9. What is the units digit of a(-5)?
1
Let a = -3 + 5. Suppose -a*i + 4*i - 54 = 0. What is the units digit of i?
7
Let b(d) = d**3 + 7*d**2 + 3*d + 3. Let c be -2 + 3 - 4/1. Let o be b(c). Suppose -4*f + o = f. What is the units digit of f?
6
Let y(b) = -b + 6. Let o be y(12). What is the units digit of (19/(-3))/(2/o)?
9
Let d(m) = 5 - 5*m - m - 2*m + m**2 + m. What is the units digit of d(7)?
5
Suppose -77 = -4*y - z + 6*z, -4*y + z + 57 = 0. Suppose r = y + 3. What is the tens digit of r?
1
Suppose 1031 + 1387 = -3*m. What is the tens digit of 6/14 - m/14?
5
Let k = 33 + 57. What is the units digit of k?
0
Let d(z) = -z. Let a(c) = -c + 10. Let m be a(8). Suppose -m*w - 5*n + 3 + 1 = 0, -w + 2*n - 16 = 0. What is the units digit of d(w)?
8
Let n = 13 + -6. Suppose 4*r = n*r - 99. What is the tens digit of r?
3
Let m(f) = -f**2 - 8*f + 10. Let z be m(-8). Let y be z + (2 - (2 + 0)). Suppose 4*w + w - y = 0. What is the units digit of w?
2
What is the tens digit of (-2)/4 + 243/6?
4
Suppose -4*y + 1700 = -0*y - 5*r, 864 = 2*y + r. What is the hundreds digit of y?
4
Let k = -19 - -31. What is the units digit of k?
2
Let o = 7 + -3. Suppose f = -0*i + 5*i - 42, -o*f + 8 = 2*i. What is the units digit of i?
8
Let z = 60 - 34. What is the units digit of 0 + 0 + z/2?
3
Let d(c) = 3*c - 7. What is the units digit of d(5)?
8
Let b(c) = c + 12. Suppose -5*n = -2*l - 14, -2*l + 3*n - 14 = -n. Let z be b(l). Suppose -v = -5*v + y + 40, z*v = -5*y + 75. What is the tens digit of v?
1
Suppose x = -4*i - x - 38, -x = -5*i - 37. What is the units digit of (4/5)/(i/(-60)